ime number?
False
Is 7866473 a composite number?
False
Is 364717 composite?
False
Is 384234943 prime?
False
Is 116042789 a prime number?
False
Is 110617853 prime?
True
Is 11385323 prime?
True
Is 1901681 a composite number?
False
Is 480951469 a composite number?
False
Is 2906913 prime?
False
Is 777457 a prime number?
False
Is 7818599 composite?
False
Is 686530307 prime?
False
Is 33509699 a prime number?
False
Is 25487843 composite?
True
Is 4047809 composite?
True
Is 15039334 prime?
False
Is 24077093 a composite number?
False
Is 30218963 a composite number?
True
Is 349433 a composite number?
True
Is 6135017 a prime number?
False
Is 7689089 a composite number?
True
Is 6919397 prime?
True
Is 38123999 a composite number?
False
Is 98571741 a prime number?
False
Is 109776749 a composite number?
False
Is 475165967 a prime number?
True
Is 1907341 a prime number?
False
Is 990681 prime?
False
Is 57543209 a prime number?
False
Is 11397223 a composite number?
False
Is 625969 composite?
False
Is 338234021 a prime number?
False
Is 86487487 a prime number?
False
Is 45967789 composite?
True
Is 3000107 a prime number?
False
Is 60335777 a composite number?
False
Is 113110157 composite?
False
Is 16646393 prime?
False
Is 10541161 composite?
False
Is 9762751 a prime number?
False
Is 49597 a composite number?
False
Is 21118267 a prime number?
False
Is 424997 a composite number?
False
Is 29711897 a prime number?
False
Is 5151403 prime?
False
Is 2617243 a prime number?
True
Is 64417103 composite?
True
Is 4556983 a composite number?
True
Is 732016091 composite?
True
Is 7848941 prime?
False
Is 51843527 a composite number?
False
Is 564185003 prime?
True
Is 4397717 a prime number?
True
Is 2844719 a composite number?
True
Is 3439679 prime?
True
Is 75101827 prime?
True
Is 169049 composite?
False
Is 10010347 a prime number?
True
Is 143589131 a prime number?
False
Is 88971277 a prime number?
True
Is 351400629 a prime number?
False
Is 951781 prime?
True
Is 87187483 a prime number?
False
Is 5223263 prime?
True
Is 1308095 prime?
False
Is 282053 a prime number?
True
Is 10500799 a prime number?
True
Is 89277803 a composite number?
False
Is 73706107 composite?
False
Is 950893 prime?
False
Is 28523239 a prime number?
True
Is 128762223 a prime number?
False
Is 6705199 a prime number?
False
Is 15897521 a composite number?
False
Is 16453873 prime?
True
Is 1149161 composite?
True
Is 238174163 a composite number?
False
Is 375870037 composite?
False
Is 28904173 a prime number?
True
Is 12238267 a prime number?
False
Is 109308031 prime?
False
Is 8806763 a prime number?
False
Is 402196783 a prime number?
True
Is 14463457 a prime number?
False
Is 71470393 prime?
False
Is 525419285 prime?
False
Is 173447383 composite?
True
Is 511419115 a prime number?
False
Is 71538697 prime?
False
Is 1182899 composite?
True
Is 971315 composite?
True
Is 6106018 prime?
False
Is 14129299 prime?
True
Is 1251271 a composite number?
True
Is 1814201 a prime number?
False
Is 257053 a prime number?
True
Is 5807827 a prime number?
True
Is 35224831 a prime number?
False
Is 2416849 a prime number?
True
Is 1839589 composite?
False
Is 110946379 composite?
True
Is 7465495 a prime number?
False
Is 2582837 composite?
False
Is 107838721 prime?
True
Is 145484051 a prime number?
True
Is 45593 a prime number?
False
Is 21681643 prime?
True
Is 16103413 a prime number?
True
Is 5602949 a prime number?
False
Is 76509391 a composite number?
True
Is 82785493 a prime number?
False
Is 4673033 composite?
True
Is 5236558 a composite number?
True
Is 15671287 a prime number?
True
Is 618619 a composite number?
False
Is 74927117 prime?
True
Is 361871267 prime?
True
Is 197661847 a prime number?
False
Is 168626113 a composite number?
False
Is 8532001 a prime number?
False
Is 76862 prime?
False
Is 785872913 composite?
True
Is 989777 a composite number?
False
Is 10741589 a composite number?
False
Is 200143831 prime?
True
Is 3513253 a composite number?
False
Is 8842793 a prime number?
True
Is 1683397 a prime number?
True
Is 6026569 prime?
False
Is 284104893 composite?
True
Is 42870829 prime?
True
Is 9699749 a composite number?
False
Is 535247 prime?
False
Is 9300689 a prime number?
False
Is 61555127 prime?
True
Is 4618347 composite?
True
Is 97663666 composite?
True
Is 7257683 prime?
False
Is 11467147 prime?
True
Is 2927651 a prime number?
True
Is 5482777 composite?
True
Is 674299859 composite?
True
Is 4144849 a prime number?
True
Is 3346769 a prime number?
False
Is 46500793 a composite number?
False
Is 23827283 a composite number?
False
Is 1613359 a prime number?
False
Is 1986199 a composite number?
False
Is 68776453 composite?
False
Is 26234609 a prime number?
False
Is 425417 a prime number?
True
Is 41341 composite?
False
Is 329576939 composite?
False
Is 986411 prime?
True
Is 82294657 prime?
True
Is 121775987 prime?
False
Is 163023491 a composite number?
False
Is 27784567 prime?
False
Is 5208319 a composite number?
True
Is 111117557 a prime number?
False
Is 139519307 a prime number?
False
Is 394931 prime?
True
Is 59922043 composite?
False
Is 2366887739 prime?
True
Is 138110201 a prime number?
True
Is 6563021 composite?
False
Is 36948593 a composite number?
True
Is 426469 a prime number?
True
Is 61321831 a composite number?
False
Is 11963917 composite?
True
Is 103989253 a prime number?
True
Is 67152931 prime?
True
Is 2420213 a prime number?
True
Is 1446911 a composite number?
True
Is 8948909 composite?
True
Is 110850169 a composite number?
True
Is 2495663 a composite number?
True
Is 82682738 a composite number?
True
Is 89785893 prime?
False
Is 1709443 composite?
False
Is 14382461 a composite number?
False
Is 4016917 prime?
True
Is 18583613 prime?
True
Is 60120361 prime?
False
Is 3095611 prime?
True
Is 3234653 a prime number?
True
Is 9293963 prime?
False
Is 15990263 composite?
False
Is 1540523957 prime?
False
Is 711622 composite?
True
Is 6134563 a composite number?
True
Is 3203635 a composite number?
True
Is 9371783 a composite number?
False
Is 69013333 a composite number?
True
Is 43550747 a composite number?
False
Is 357850189 composite?
False
Is 27675689 a composite number?
False
Is 1372346 prime?
False
Is 12346877 a prime number?
True
Is 275077331 prime?
True
Is 3688899 prime?
False
Is 117640531 prime?
True
Is 8138321 a prime number?
False
Is 6463733 composite?
True
Is 7471451 a prime number?
False
Is 74573474 a composite number?
True
Is 4948927 a composite number?
True
Is 20580247 composite?
False
Is 8469849 prime?
False
Is 69263503 a composite number?
False
Is 571380811 prime?
False
Is 16961999 prime?
True
Is 4704511 a composite number?
True
Is 2644531 a prime number?
True
Is 2617793 a composite number?
False
Is 1736029 prime?
True
Is 78532163 a prime number?
False
Is 1046087137 a prime number?
True
Is 183569 composite?
False
Is 80285027 a composite number?
False
Is 68693909 a composite number?
False
Is 32266729 a composite number?
True
Is 77209477 a composite number?
False
Is 25849423 composite?
False
Is 18251561 a composite number?
True
Is 449378701 prime?
True
Is 4244417 composite?
False
Is 98317 prime?
True
Is 19237381 a composite number?
False
Is 135851521 a prime number?
False
Is 13067273 prime?
True
Is 59997293 composite?
False
Is 79809929 prime?
True
Is 11580067 prime?
False
Is 2362009 composite?
True
Is 1392413 a composite number?
True
Is 3259829 a composite number?
False
Is 162774943 a prime number?
True
Is 4619239 a composite number?
True
Is 84788653 a prime number?
True
Is 18468797 a prime number?
False
Is 14377853 composite?
True
Is 325019501 a composite number?
True
Is 553822547 a composite number?
True
Is 204787 composite?
True
Is 270814931 a prime number?
True
Is 91997 a composite number?
False
Is 253644533 a prime number?
False
Is 104891 composite?
False
Is 456943 prime?
False
Is 459342437 composite?
True
Is 153768543 composite?
True
Is 188107 prime?
True
Is 89286923 a prime number?
False
Is 1692169 a composite number?
True
Is 341617223 a composite number?
False
Is 6378745 composite?
True
Is 585695483 prime?
False
Is 799697 a prime number?
False
Is 49807543 composite?
False
Is 377424977 a prime number?
False
Is 3569673 a prime number?
False
Is 9548731 a prime number?
True
Is 20476139 prime?
True
Is 23910857 a prime number?
